me factors of n.
2
Let r = -13 + 15. Suppose r*z = 4*z. What are the prime factors of (z - -2) + (-62)/(-2)?
3, 11
Let v(o) = -o**3 + 9*o**2 - 5*o - 15. Let h be v(8). What are the prime factors of (-1 + (-24)/(-9))*h?
3, 5
Let t be (2 + -15)/((-4)/176). Suppose 0 = 2*c - 3*w - 222, -5*c + 0*w = w - t. What are the prime factors of c?
2, 3, 19
Let w = 7572 - 4441. List the prime factors of w.
31, 101
Let b(u) = 3*u**2 + 4*u - 5. Let x be b(-7). Suppose -2*q = -d - x, -4*q + 0*d = -5*d - 234. List the prime factors of q.
2, 7
Let x(a) = 3*a**3 - 16*a**2 + 6*a + 10. Let q be x(6). List the prime factors of -5 + q + 4/(-2).
3, 37
Suppose -b - 18 = 2*b. Let r(i) = 0 - 4*i - 37*i**3 + 6*i**2 + 38*i**3 - 3. What are the prime factors of r(b)?
3, 7
Let a be (-3504)/10*40/(-12). Suppose 7*t = 729 + a. What are the prime factors of t?
271
Let i = -65 + 166. List the prime factors of i.
101
Let o = 171 + -145. Let s = 12 + o. List the prime factors of s.
2, 19
Let i(k) be the third derivative of k**6/120 - 7*k**5/20 + 25*k**4/24 - 19*k**3/6 + 10*k**2. List the prime factors of i(20).
3
List the prime factors of -1*1*(-45010)/(8 + 2).
7, 643
Let i(r) = -r**3 - 3*r**2 + 4. Let w be i(-2). Suppose 8 = 4*v, 5*n - 5*v + 7*v - 1064 = w. List the prime factors of n.
2, 53
Let n = -79 - -102. Suppose -4*z - z + 2*y = -n, -3*z + 4*y = -25. List the prime factors of z.
3
Let h(y) = y + 12. Let q be h(-9). Suppose -177 + 454 = 2*r + q*l, -3*r - 5*l = -418. List the prime factors of r.
131
Let d = 105 - -739. List the prime factors of d.
2, 211
Let l(p) = 38*p**2 - 4*p - 13. What are the prime factors of l(-2)?
3, 7
Let w be (-5 - -6)/((-2)/18). Let z be w/18*-2*1. Suppose -3 = -p - z. What are the prime factors of p?
2
Let c be 6 - (4 + 4 + -4). Let n(r) = 47 - 8*r**c - r + 7*r**2 + 0*r. What are the prime factors of n(0)?
47
Suppose 2782 = 22*n - 4654. What are the prime factors of n?
2, 13
Let i(x) = -63*x + 2. Let a be i(-2). Suppose -b = 3*b - 3*s - 281, 0 = -2*b + 4*s + a. List the prime factors of b.
2, 37
Let c = 7 - 11. Let o be c/7 + 6240/(-56). List the prime factors of (5 + -2)*o/(-6).
2, 7
Let y(x) = x**2 + 3 + 4 + 1 + 0 + x. List the prime factors of y(-6).
2, 19
Let u(w) = 2*w - 7. Let o be u(8). Let d be (-61)/o + 2/(-9). Let q(v) = -v**2 - 9*v - 10. What are the prime factors of q(d)?
2
Suppose -2*v + 10*v - 1448 = 0. List the prime factors of v.
181
Suppose -2*s - 4*d - 4763 = -7*s, 0 = 3*s - 4*d - 2853. What are the prime factors of s?
5, 191
Let g = 3 + 174. What are the prime factors of g?
3, 59
Suppose 2370 = -2*s + 7*s - 4*r, -2415 = -5*s - 5*r. List the prime factors of s.
2, 239
Let l be (-149)/(-2) - (-12)/24. Suppose 6*f = 123 + l. What are the prime factors of f?
3, 11
Let v(p) = p**3 + 6*p**2 - 9*p - 10. Let l be v(-7). Suppose 0 = -2*r + o + 10, -l*o + 0*o = 8. Suppose -h + r*h = 120. What are the prime factors of h?
2, 5
Let h = -49 - -25. Let x be (6/(-4))/(12/h). Suppose -148 = a - 4*a + 4*z, -x*a + 147 = -3*z. What are the prime factors of a?
2, 3
Suppose 22*y + 18 = 23*y. Suppose -1104 = 10*k - y*k. List the prime factors of k.
2, 3, 23
Let o = 22 + -7. Suppose -5*i + 2*i - o = 0. List the prime factors of (-14)/35 - 17/i.
3
Let l(j) = 4*j**2 - 6*j + 6. Let f(q) = -q**2 + 2*q - 2. Let o(x) = 7*f(x) + 2*l(x). Let c be o(1). Let a(y) = 21*y**2. List the prime factors of a(c).
3, 7
Let p(q) = 154*q**2 + 1. Let g be p(1). Suppose 0 = 5*s - 475 + g. List the prime factors of s.
2
Let h = 1780 - 1266. What are the prime factors of h?
2, 257
Let g(o) = 12*o**2 + 13*o - 7. What are the prime factors of g(-7)?
2, 5, 7
Let p = -518 + 1062. Let t = -354 + p. Suppose 0 = -d + 6*d - t. List the prime factors of d.
2, 19
Let r(w) = -w**3 - 7*w**2 - 6*w - 1. Let x be r(-6). What are the prime factors of 21 + 25 - (-2)/x?
2, 11
Let c(q) = 2 - 1 - 4*q**2 + 2*q - 13*q**3 + 4*q**2. Let h be c(-1). Suppose 3*x - f = 10, -f + 3*f + h = 2*x. What are the prime factors of x?
2
Let p = -217 + 27. List the prime factors of 5/((-5)/p*2).
5, 19
List the prime factors of 3 - (-69)/(-21) - 110016/(-112).
2, 491
Let c(n) = n**3 - 2*n**2 + 2*n - 2. Let r be c(2). Suppose 14 = r*w + 8. Suppose -5*o + h = -46, -o - o - w*h + 32 = 0. What are the prime factors of o?
2, 5
Suppose 4*r + 13 = 5. Let y be 2292/16 + r/8. Suppose -3*k = 3*p - 96, 4*p - k + 0*k - y = 0. List the prime factors of p.
5, 7
Let w = 1244 - 1021. What are the prime factors of w?
223
Let p = 2891 - -861. What are the prime factors of p?
2, 7, 67
Suppose 4*f + 456 - 132 = 0. Let a = f - -199. What are the prime factors of a?
2, 59
Suppose -v = t - 1082, -5*v + 1888 + 282 = 2*t. Suppose -t = 16*d - 24*d. What are the prime factors of d?
3, 5
Suppose g = -4*f + 37, -5*f - 5 = 15. List the prime factors of g.
53
Let b = 384 + -349. List the prime factors of b.
5, 7
Suppose 15 = -3*q - 3*y + 81, -2*y - 19 = -q. Let l = 24 + q. What are the prime factors of l?
3, 5
Let u(o) = -10*o - 6. What are the prime factors of u(-14)?
2, 67
Let y(j) = j**2 + 3*j + 18. Let t = 8 + -11. What are the prime factors of y(t)?
2, 3
Suppose -x - 7947 = -6*x + 3*a, 0 = x - 5*a - 1607. List the prime factors of x.
3, 23
List the prime factors of -2 + ((-6)/6 - -6).
3
Let z = 1756 - 1161. List the prime factors of z.
5, 7, 17
Suppose 0 = -3*g - 3, -17 = -2*h + 5*g - 6. Suppose -v - 5*r + 6 + 6 = 0, h*v - 19 = 2*r. List the prime factors of v.
7
Let g be 192 + (0 - 1) + -1. Suppose -4*b + b + 150 = -3*l, -l + g = 4*b. List the prime factors of b.
2, 3
Let z = -8 + 13. Suppose 4*q = z*q - 76. List the prime factors of q.
2, 19
Let a(h) = 49*h**3 - 6*h**2 + 6*h. List the prime factors of a(2).
2, 5, 19
Let f(w) = -141*w**3. Suppose -2 = -9*x - 11. List the prime factors of f(x).
3, 47
Suppose 2*q = 3*q - 3. Suppose 0 = 2*l - 2*r, -5*r - q = -18. List the prime factors of ((-3)/2)/(l/(-16)).
2
Suppose 164*u - 730 = 162*u. List the prime factors of u.
5, 73
Let r(a) = 54*a**2 - 7*a - 2. Let i be (-5)/2 - -2 - 15/(-6). List the prime factors of r(i).
2, 5
Suppose 22*g = 19*g - 30. Let z(c) = -c**3 - 9*c**2 + 4*c - 2. List the prime factors of z(g).
2, 29
Suppose 2*n - 18 = 5*a - a, 5*n = -2*a + 9. Suppose 0 = -3*m - n*m + 30. Suppose m*l = -5*h + 48 + 67, h - 31 = l. List the prime factors of h.
3
Let x = -33 + 11. Let f = 2 - x. What are the prime factors of f?
2, 3
Suppose 3*c + 4*k - 567 = k, -5*k - 915 = -5*c. What are the prime factors of c?
2, 3, 31
Let q = -79 + 846. List the prime factors of q.
13, 59
Let b(m) = -11*m**2 + m. Let w be b(1). Let a be (15/2)/(1/(-2)). Let c = w - a. What are the prime factors of c?
5
Let k(c) = 3*c**2 + 17*c - 2. What are the prime factors of k(9)?
2, 197
Let f = -12 - 1. Let m = f + 17. Suppose -v = m*v - 175. What are the prime factors of v?
5, 7
Let x = -68 - -75. List the prime factors of (-20)/x*28/(-8).
2, 5
Suppose 28*g + 13*g - 4305 = 0. List the prime factors of g.
3, 5, 7
Suppose -2*g + 6 + 2 = 0. Suppose -5*z = -4*j - 143, -5*z + g*j = 7*j - 164. List the prime factors of z.
31
Suppose 0 = 2*o + 3*o - 15. Suppose -o = 2*z - z. List the prime factors of z + (10 - 2) + -2.
3
Let p be 2 + (-2 - (-4 - 123)). Suppose -3*k + x = -p, 5*x - 21 = -k - 0*k. List the prime factors of k.
41
Suppose 4*i = -5*c + 6245 - 920, -6666 = -5*i - 3*c. List the prime factors of i.
3, 5, 89
Let u(t) = 52*t**2 + 2*t + 7. List the prime factors of u(-2).
211
Suppose 2 = 11*z - 10*z. What are the prime factors of (-6 + z - -74) + 3?
73
Suppose 2*y - 160 = w, 2*w - 134 - 38 = -2*y. Let n = 116 - y. Suppose -5*g = -j - j - 106, 2*g = -2*j + n. What are the prime factors of g?
2, 5
Suppose 2371 = 5*q - 4*c, -3*q + 3*c + 1678 = 253. List the prime factors of q.
3, 157
Let m be (0 + 2/(-4))/(2/(-172)). Suppose -t = 2*f - 280 + m, -1129 = -5*t + 4*f. List the prime factors of t.
229
Let s(v) = v**2 - 14*v + 1. Let p be 15 + (3 - (3 + -1)). List the prime factors of s(p).
3, 11
Let w(i) = 123*i**2 + 3*i + 2. Let a be w(-1). Suppose 0 = -4*u + 238 + a. List the prime factors of u.
2, 3, 5
Suppose -7*p = -9504 - 5525. What are the prime factors of p?
19, 113
Let d = -560 + 1743. What are the prime factors of d?
7, 13
Let b = -100 + 175. What are the prime factors of (-1)/(12/(-8))*b?
2, 5
List the prime fac